number?
False
Is 1869029 a composite number?
False
Is 2088781 a prime number?
False
Is 3458011 composite?
True
Is 8460349 a prime number?
False
Is 4793335 prime?
False
Is 962645 prime?
False
Is 44913443 prime?
True
Is 70307951 a composite number?
True
Is 239860618 composite?
True
Is 5435305 a prime number?
False
Is 2530531 a prime number?
False
Is 83417381 a composite number?
True
Is 2210303 a prime number?
True
Is 97160537 a prime number?
False
Is 282327 prime?
False
Is 17528029 composite?
False
Is 406853 prime?
False
Is 8810686 composite?
True
Is 1693129 a composite number?
False
Is 7508927 prime?
False
Is 79967 composite?
False
Is 102281317 a composite number?
True
Is 424931 composite?
True
Is 24804827 a prime number?
False
Is 15374159 composite?
False
Is 4714811 a prime number?
True
Is 1519841 a composite number?
True
Is 860849 a composite number?
True
Is 3189149 prime?
False
Is 164396251 composite?
False
Is 1702879 a prime number?
True
Is 2952953 prime?
True
Is 2629351 prime?
True
Is 192757885 prime?
False
Is 1517647 a prime number?
True
Is 7807521 composite?
True
Is 1840219 a prime number?
True
Is 8073847 composite?
False
Is 1816649 a composite number?
True
Is 3906391 a prime number?
False
Is 1852427 a composite number?
False
Is 5685767 a prime number?
False
Is 12296813 composite?
True
Is 155414483 a composite number?
True
Is 64307499 prime?
False
Is 6814453 a composite number?
False
Is 2943217 composite?
False
Is 15784147 a prime number?
True
Is 55049 a composite number?
False
Is 4024849 prime?
True
Is 7627517 a composite number?
True
Is 353903 a composite number?
True
Is 48522337 prime?
True
Is 4489003 composite?
True
Is 39341923 a composite number?
False
Is 92810989 a composite number?
False
Is 1087471699 composite?
True
Is 175061879 a composite number?
False
Is 8896379 a prime number?
False
Is 65677 prime?
True
Is 148404337 a prime number?
True
Is 14335751 composite?
False
Is 3226183 prime?
True
Is 215114051 prime?
False
Is 18706895 composite?
True
Is 243729341 a composite number?
True
Is 3819637 a prime number?
False
Is 6270691 a composite number?
True
Is 14012485 a prime number?
False
Is 38434151 composite?
True
Is 207262301 a composite number?
True
Is 381970893 a composite number?
True
Is 6223387 a prime number?
True
Is 54188351 prime?
False
Is 860736326 a prime number?
False
Is 2573021 a prime number?
False
Is 30727 a composite number?
False
Is 4651547 a prime number?
True
Is 1843721 a composite number?
True
Is 71186359 a composite number?
False
Is 947987 a composite number?
False
Is 1095463 prime?
False
Is 3310049 a composite number?
False
Is 3507527 prime?
True
Is 96052831 prime?
False
Is 4679957 a prime number?
False
Is 267645311 a composite number?
False
Is 127155331 a prime number?
False
Is 304355479 a prime number?
False
Is 12131 prime?
False
Is 5711519 a composite number?
True
Is 375593 composite?
False
Is 2926897 a composite number?
False
Is 12806023 composite?
True
Is 984513 a composite number?
True
Is 2834443 a prime number?
True
Is 69530567 prime?
False
Is 71594931 a composite number?
True
Is 720957 a composite number?
True
Is 222639821 a composite number?
True
Is 15220697 a composite number?
False
Is 69479831 a composite number?
False
Is 1138471 prime?
False
Is 17350987 prime?
False
Is 7432585 composite?
True
Is 378178927 prime?
False
Is 2611277 prime?
True
Is 46952978 a prime number?
False
Is 554027 prime?
False
Is 7986679 a composite number?
False
Is 2892050345 a composite number?
True
Is 8386361 prime?
False
Is 142531183 a prime number?
False
Is 3452101 composite?
True
Is 202236449 a prime number?
False
Is 48631153 a prime number?
False
Is 366625769 a prime number?
True
Is 42396941 a composite number?
True
Is 454403627 a composite number?
False
Is 3680681 a prime number?
True
Is 6444263 a prime number?
False
Is 770717 a composite number?
True
Is 425146361 composite?
False
Is 45201701 a prime number?
False
Is 6401011 composite?
False
Is 376541689 a composite number?
False
Is 178865161 prime?
True
Is 9814295 a prime number?
False
Is 15466397 composite?
True
Is 53576917 composite?
False
Is 626063 a composite number?
False
Is 538621 prime?
True
Is 634013 a composite number?
False
Is 2844811 a prime number?
False
Is 150924857 a composite number?
True
Is 266232431 a prime number?
True
Is 40158017 composite?
False
Is 1276507 composite?
True
Is 565783 composite?
True
Is 17190433 composite?
True
Is 880679 a prime number?
False
Is 53273011 a composite number?
True
Is 89919653 a prime number?
True
Is 3806437 prime?
True
Is 22524587 prime?
False
Is 14853337 a composite number?
True
Is 74403311 prime?
True
Is 3259717 prime?
True
Is 37440283 composite?
False
Is 2026529 a prime number?
False
Is 147490121 prime?
False
Is 54668123 a composite number?
False
Is 43025287 composite?
False
Is 82469638 composite?
True
Is 856769839 a composite number?
True
Is 200974633 composite?
False
Is 4601099 a prime number?
True
Is 26930147 composite?
False
Is 54436631 prime?
False
Is 131124445 composite?
True
Is 1129103 composite?
False
Is 9266989 a prime number?
False
Is 15500083 prime?
False
Is 11701901 a prime number?
True
Is 2718169 prime?
True
Is 2779607 a composite number?
True
Is 5510693 a composite number?
False
Is 86327114 composite?
True
Is 11542417 a prime number?
True
Is 2189757 composite?
True
Is 1425113 a composite number?
False
Is 44950849 prime?
True
Is 1488451 composite?
False
Is 23690243 a composite number?
False
Is 799507 composite?
False
Is 37222951 a composite number?
True
Is 5196119 a composite number?
False
Is 303611639 composite?
True
Is 2562977 a prime number?
True
Is 13647477 a composite number?
True
Is 17587277 a prime number?
False
Is 9160819 a prime number?
True
Is 889711 a composite number?
True
Is 788209 a prime number?
True
Is 34865107 a prime number?
True
Is 4080691 composite?
False
Is 76249 a prime number?
True
Is 21388417 a composite number?
False
Is 185174299 prime?
False
Is 339211 prime?
True
Is 38018317 a prime number?
True
Is 188658887 prime?
True
Is 1685623213 composite?
False
Is 208361773 a composite number?
False
Is 4547887 composite?
False
Is 2521223 a composite number?
False
Is 5492491 a prime number?
True
Is 110304809 a composite number?
False
Is 33125593 prime?
True
Is 153019729 composite?
False
Is 12451007 a prime number?
False
Is 76746563 a prime number?
True
Is 35641121 composite?
False
Is 4715699 a composite number?
False
Is 109149947 a prime number?
False
Is 17718707 a composite number?
False
Is 5786311 composite?
True
Is 1431358 a composite number?
True
Is 131336066 a composite number?
True
Is 339154613 prime?
False
Is 75637799 a composite number?
True
Is 88279099 a prime number?
True
Is 3029731 a prime number?
True
Is 7051273 prime?
False
Is 74039215 composite?
True
Is 96912899 a prime number?
False
Is 3664363 a prime number?
False
Is 1735 composite?
True
Is 16930129 a composite number?
True
Is 44215771 composite?
True
Is 61729053 composite?
True
Is 270002851 prime?
False
Is 2317673 a composite number?
True
Is 519953 composite?
True
Is 21696817 a prime number?
False
Is 272946523 a composite number?
False
Is 10427971 a composite number?
False
Is 13522601 a composite number?
True
Is 122248111 prime?
False
Is 662579 a composite number?
True
Is 286751 prime?
True
Is 28797499 a composite number?
False
Is 785459 a composite number?
False
Is 1819267 composite?
True
Is 15185587 a composite number?
True
Is 34291349 a prime number?
True
Is 10757003 prime?
True
Is 431023 a composite number?
True
Is 185842 a prime number?
False
Is 2115521 composite?
True
Is 1596433 a prime number?
True
Is 10369943 a prime number?
True
Is 9365843 a composite number?
True
Is 3368327 a prime number?
False
Is 6657927 a prime number?
False
Is 34878199 a prime number?
True
Is 2059883 composite?
True
Is 125701 a composite number?
True
Is 6972421 a composite number?
True
Is 146945173 a composite number?
False
Is 2272997 prime?
True
Is 87042889 composite?
True
Is 934823 a composite number?
True
Is 12287507 composite?
True
Is 513254647 prime?
True
Is 12840614 composite?
True
Is 454067 prime?
False
Is 4515247 composite?
True
Is 14169443 a composite number?
False
Is 5817467 composite?
False
Is 8327773 a prime number?
False
Is 299060